{"id":2,"date":"2025-02-26T17:23:49","date_gmt":"2025-02-26T17:23:49","guid":{"rendered":"https:\/\/selbaacrobatics.hu\/site\/?page_id=2"},"modified":"2025-03-02T12:00:55","modified_gmt":"2025-03-02T11:00:55","slug":"selba-acrobatics","status":"publish","type":"page","link":"https:\/\/selbaacrobatics.hu\/site\/","title":{"rendered":"Selba Acrobatics"},"content":{"rendered":"<div id=\"fb-root\"><\/div>\n<h3>Selba Acrobatics<\/h3>\n<p style=\"text-align: justify;\"><strong>A Selba Acrobatics sportv\u00e1llalkoz\u00e1st 2020-ban alap\u00edtottuk k\u00f6z\u00f6sen, miut\u00e1n befejezt\u00fck \u00e9lsportol\u00f3i p\u00e1lyafut\u00e1sunkat. Mindketten szerett\u00fcnk volna a szertorna k\u00f6zel\u00e9ben maradni, \u00e9s \u00edgy sz\u00fcletett meg B\u00e1nk fej\u00e9ben az \u00f6tlet, hogy ind\u00edtsuk el els\u0151 k\u00f6z\u00f6s v\u00e1llalkoz\u00e1sunkat.<\/strong><\/p>\n<p style=\"text-align: justify;\">Kezdetben egy kis tornateremben, a pasar\u00e9ti Furulya utc\u00e1ban ind\u00edtottuk el edz\u00e9seinket szombatonk\u00e9nt, de hamarosan a n\u00f6vekv\u0151 \u00e9rdekl\u0151d\u00e9snek k\u00f6sz\u00f6nhet\u0151en a 11. ker\u00fcleti Balance Torna Centerbe k\u00f6lt\u00f6zt\u00fcnk \u00e1t, ahol m\u00e1ra m\u00e1r minden h\u00e9tk\u00f6znap \u00e9s szombaton is tartunk akrobatika csoportos \u00f3r\u00e1t.<\/p>\n<p style=\"text-align: justify;\">C\u00e9lunk, hogy magas sz\u00ednvonal\u00fa edz\u00e9st biztos\u00edtsunk sportol\u00f3inknak, biztons\u00e1gos k\u00f6r\u00fclm\u00e9nyek k\u00f6z\u00f6tt, ez\u00e9rt is edz\u0151i csapatunkat olyan szakemberekb\u0151l v\u00e1logattuk, akik t\u00f6bb \u00e9ves torna\/akrobatika tapasztalattal rendelkeznek. Az edz\u00e9sek sor\u00e1n arra t\u00f6reksz\u00fcnk, hogy a gyerekek \u00e9s feln\u0151ttek egyar\u00e1nt a tud\u00e1suknak megfelel\u0151en fejl\u0151djenek, fizikailag er\u0151s\u00f6djenek, \u00e9s \u00faj akrobatikai elemeket tanuljanak meg helyes technik\u00e1val.<\/p>\n<p style=\"text-align: justify;\">Hisz\u00fcnk abban, hogy a j\u00f3 hangulat\u00fa, motiv\u00e1l\u00f3 k\u00f6rnyezetben k\u00f6nnyebben elsaj\u00e1t\u00edthat\u00f3k a fontos mozdulatok, mik\u00f6zben a torn\u00e1szok fizikai k\u00e9pess\u00e9ge is folyamatosan fejl\u0151dik. A csoportos edz\u00e9sek mellett sz\u00e1mos egy\u00e9b esem\u00e9nnyel is k\u00e9sz\u00fcl\u00fcnk, mint workshopok, mag\u00e1nedz\u00e9sek, \u00e9s ny\u00e1rit\u00e1borok.<\/p>\n<p style=\"text-align: justify;\"><strong>Csatlakozz hozz\u00e1nk, \u00e9s tapasztald meg a v\u00e1ltozatos, vid\u00e1m p\u00f6rg\u0151s edz\u00e9seinket, ahol a fejl\u0151d\u00e9s garant\u00e1lt!<\/strong><\/p>\n<hr \/>\n<div class=\"fb-video\" data-href=\"https:\/\/www.facebook.com\/101318261705478\/videos\/733255387700450\" data-allowfullscreen=\"false\" data-autoplay=\"false\" data-width=\"\" data-show-text=\"false\" data-show-captions=\"true\"><\/div>\n<hr \/>\n<p>&nbsp;<\/p>\n","protected":false},"excerpt":{"rendered":"<p>Selba Acrobatics A Selba Acrobatics sportv\u00e1llalkoz\u00e1st 2020-ban alap\u00edtottuk k\u00f6z\u00f6sen, miut\u00e1n befejezt\u00fck \u00e9lsportol\u00f3i p\u00e1lyafut\u00e1sunkat. Mindketten szerett\u00fcnk volna a szertorna k\u00f6zel\u00e9ben maradni, \u00e9s \u00edgy sz\u00fcletett meg B\u00e1nk fej\u00e9ben az \u00f6tlet, hogy ind\u00edtsuk el els\u0151 k\u00f6z\u00f6s v\u00e1llalkoz\u00e1sunkat. Kezdetben egy kis tornateremben, a pasar\u00e9ti Furulya utc\u00e1ban ind\u00edtottuk el edz\u00e9seinket szombatonk\u00e9nt, de hamarosan a n\u00f6vekv\u0151 \u00e9rdekl\u0151d\u00e9snek k\u00f6sz\u00f6nhet\u0151en a 11. ker\u00fcleti [&hellip;]<\/p>\n","protected":false},"author":1,"featured_media":0,"parent":0,"menu_order":1,"comment_status":"closed","ping_status":"open","template":"template-full-width.php","meta":{"footnotes":""},"class_list":["post-2","page","type-page","status-publish","hentry"],"_links":{"self":[{"href":"https:\/\/selbaacrobatics.hu\/site\/wp-json\/wp\/v2\/pages\/2","targetHints":{"allow":["GET"]}}],"collection":[{"href":"https:\/\/selbaacrobatics.hu\/site\/wp-json\/wp\/v2\/pages"}],"about":[{"href":"https:\/\/selbaacrobatics.hu\/site\/wp-json\/wp\/v2\/types\/page"}],"author":[{"embeddable":true,"href":"https:\/\/selbaacrobatics.hu\/site\/wp-json\/wp\/v2\/users\/1"}],"replies":[{"embeddable":true,"href":"https:\/\/selbaacrobatics.hu\/site\/wp-json\/wp\/v2\/comments?post=2"}],"version-history":[{"count":11,"href":"https:\/\/selbaacrobatics.hu\/site\/wp-json\/wp\/v2\/pages\/2\/revisions"}],"predecessor-version":[{"id":211,"href":"https:\/\/selbaacrobatics.hu\/site\/wp-json\/wp\/v2\/pages\/2\/revisions\/211"}],"wp:attachment":[{"href":"https:\/\/selbaacrobatics.hu\/site\/wp-json\/wp\/v2\/media?parent=2"}],"curies":[{"name":"wp","href":"https:\/\/api.w.org\/{rel}","templated":true}]}}

<div id="fb-root"></div>
<h3>Selba Acrobatics</h3>
<p style="text-align: justify;"><strong>A Selba Acrobatics sportvállalkozást 2020-ban alapítottuk közösen, miután befejeztük élsportolói pályafutásunkat. Mindketten szerettünk volna a szertorna közelében maradni, és így született meg Bánk fejében az ötlet, hogy indítsuk el első közös vállalkozásunkat.</strong></p>
<p style="text-align: justify;">Kezdetben egy kis tornateremben, a pasaréti Furulya utcában indítottuk el edzéseinket szombatonként, de hamarosan a növekvő érdeklődésnek köszönhetően a 11. kerületi Balance Torna Centerbe költöztünk át, ahol mára már minden hétköznap és szombaton is tartunk akrobatika csoportos órát.</p>
<p style="text-align: justify;">Célunk, hogy magas színvonalú edzést biztosítsunk sportolóinknak, biztonságos körülmények között, ezért is edzői csapatunkat olyan szakemberekből válogattuk, akik több éves torna/akrobatika tapasztalattal rendelkeznek. Az edzések során arra törekszünk, hogy a gyerekek és felnőttek egyaránt a tudásuknak megfelelően fejlődjenek, fizikailag erősödjenek, és új akrobatikai elemeket tanuljanak meg helyes technikával.</p>
<p style="text-align: justify;">Hiszünk abban, hogy a jó hangulatú, motiváló környezetben könnyebben elsajátíthatók a fontos mozdulatok, miközben a tornászok fizikai képessége is folyamatosan fejlődik. A csoportos edzések mellett számos egyéb eseménnyel is készülünk, mint workshopok, magánedzések, és nyáritáborok.</p>
<p style="text-align: justify;"><strong>Csatlakozz hozzánk, és tapasztald meg a változatos, vidám pörgős edzéseinket, ahol a fejlődés garantált!</strong></p>
<hr />
<div class="fb-video" data-href="https://www.facebook.com/101318261705478/videos/733255387700450" data-allowfullscreen="false" data-autoplay="false" data-width="" data-show-text="false" data-show-captions="true"></div>
<hr />
<p>&nbsp;</p>

<p>Selba Acrobatics A Selba Acrobatics sportvállalkozást 2020-ban alapítottuk közösen, miután befejeztük élsportolói pályafutásunkat. Mindketten szerettünk volna a szertorna közelében maradni, és így született meg Bánk fejében az ötlet, hogy indítsuk el első közös vállalkozásunkat. Kezdetben egy kis tornateremben, a pasaréti Furulya utcában indítottuk el edzéseinket szombatonként, de hamarosan a növekvő érdeklődésnek köszönhetően a 11. kerületi [&hellip;]</p>
